Let f = -2 + 2. Suppose f = z - j*z + 10. What are the prime factors of z?
2, 5
Suppose -78*d + 229 = -77*d. List the prime factors of d.
229
Let q(f) = 15*f + 2. List the prime factors of q(5).
7, 11
Suppose -9 = v + 3*r, -4*r = -3*v - 0*v - 1. Let h(f) = -1 + 2*f**2 - 7*f - f**2 - 1 - 2*f**2. List the prime factors of h(v).
2, 5
Let q(w) = 4*w**2 - 1. Let h be q(1). List the prime factors of 1 + (-1)/(-3)*h.
2
Suppose 14*n - 10*n + 3*x = 339, 4*x = n - 61. What are the prime factors of n?
3
Suppose 439 = 3*i - 2*s, 0 = 5*i + 2*s - 0*s - 737. What are the prime factors of i?
3, 7
Suppose h = 2*h. Suppose h = 2*r - 3*r - 4. Let j = r - -6. What are the prime factors of j?
2
Suppose -4*h = -12 - 8. Let a(r) = r - 5. Let c be a(h). Suppose c = -3*l + 12 + 24. What are the prime factors of l?
2, 3
Let w = -3 + 51. List the prime factors of w.
2, 3
Let a = -89 - -104. List the prime factors of a.
3, 5
Let q = 94 - 55. List the prime factors of q.
3, 13
Let f(u) be the first derivative of u**4/2 + u**3/3 + u**2/2 + 2*u + 5. List the prime factors of f(2).
2, 3
Let l = 0 + 2. Suppose -x - 2*d = 6, -4*x + 2*d - l = 2. What are the prime factors of (-16)/x - (-6 + 4)?
2, 5
Let t be -2*5/(-2) - 2. Let w be ((-15)/9)/((-1)/3). Suppose -7 = -t*x + w. What are the prime factors of x?
2
Suppose -4*l + 8 = 0, -5*q + 150 = 5*l - 230. List the prime factors of q.
2, 37
Let u(n) = 39*n - 3. Let x be u(2). Suppose -9*h + 6*h = -x. List the prime factors of h.
5
Let z be (15/6 + -3)*0. Suppose 10 = 2*w, 3*o + 4*w - 3*w - 35 = z. List the prime factors of o.
2, 5
Let f(m) = m**3 - 6*m**2 + 13*m - 4. Let z(s) = -3*s**3 + 19*s**2 - 38*s + 12. Let u(y) = -8*f(y) - 3*z(y). What are the prime factors of u(8)?
2, 3
Let t(x) = 59*x**3 + 2*x**2 - 4*x + 2. Let l be t(2). What are the prime factors of (-3)/(-2) - l/(-12)?
41
Let v(y) = y**3 - y**2 + y + 172. Let b be v(0). Suppose -b = i - 5*i. List the prime factors of i.
43
Let t(j) = 6*j - 8. Let i be t(6). List the prime factors of (-3 + 2)/((-4)/i).
7
Let i(u) = 4*u**3 - 20*u**2 - 41*u + 12. Let d(p) = -p**3 + 5*p**2 + 10*p - 3. Let z(q) = 9*d(q) + 2*i(q). What are the prime factors of z(6)?
3
Let k(u) = 3 + u**2 - 2 + 2 + u + 2*u. List the prime factors of k(-6).
3, 7
Let x = 5 - -25. What are the prime factors of x?
2, 3, 5
Suppose 0 = -5*i, 155 + 15 = 5*s - 4*i. Let c = s - 17. What are the prime factors of c?
17
Suppose 0 = 3*l + 4*t + 38 + 2, -3*l - 2*t - 32 = 0. Let y = l + 8. Suppose y = -3*m + 21. List the prime factors of m.
7
Let t(r) = -r**2 + 6*r - 2. Let q be t(4). List the prime factors of (9/q)/((-1)/(-8)).
2, 3
Let h = -5 + 4. Let p = 3 + 3. List the prime factors of h/3 - (-62)/p.
2, 5
Let b be ((-3 - 1) + 3)*-3. Suppose g + b*i = -3, 4*g = -0*i + 2*i + 16. What are the prime factors of g?
3
Let m(f) = 6*f - 4. List the prime factors of m(7).
2, 19
Let l(y) = -3*y - 24. What are the prime factors of l(-9)?
3
Let h = -3 - -7. Suppose -h = -x - 1. Suppose -3 = -k + x. What are the prime factors of k?
2, 3
Suppose -3 = -5*r + c, -4*c = r - c + 9. Suppose -11 = -3*k - y, 4*k - 4*y = -r*y - 12. List the prime factors of 20/(-8)*(-4)/k.
5
List the prime factors of (198/(-2) - -2)/(-2 + 1).
97
Let f be 54 + (-4)/(-1) + -3. What are the prime factors of -2 + (-1 + f)/3?
2
What are the prime factors of 3/2*10740/90?
179
Let d(h) = 30*h**3 + h. Let g be d(1). Suppose -2*n = 4*t + 2*n + 60, t + g = -5*n. Let s = t - -30. What are the prime factors of s?
19
Suppose 15 = -3*z + 3. Let q be (-13)/(-2) - (-2)/z. Let g = q - 3. What are the prime factors of g?
3
Suppose 3*b + 4*a = -65, -2*b + 4*a = b + 49. Suppose 0*c = -2*c + 68. Let o = c + b. What are the prime factors of o?
3, 5
Let g(l) = 4*l + 3. Let p be g(-2). Let b = p + 3. What are the prime factors of 146/8 + b/8?
2, 3
Let t = -16 + 10. Let u(n) = n**3 + 6*n**2 - n - 4. List the prime factors of u(t).
2
List the prime factors of 1 + -1 + (-1 - -3) + 9.
11
What are the prime factors of (-2)/8 + (-436)/(-16)?
3
Let s(c) be the first derivative of c**4/4 + 2*c**3 + 5*c**2/2 + 3*c + 2. Let j be s(-5). Suppose 6 = g - 4*m + 1, m - j = 0. List the prime factors of g.
17
Suppose 0 = 4*x - 3*x - 68. List the prime factors of x.
2, 17
Let j(m) = -52*m**3 + m**2 + 2*m + 1. What are the prime factors of j(-1)?
2, 13
Suppose i - 5*i + 8 = 0. Let l(g) be the third derivative of g**6/40 - g**5/15 + g**4/6 - g**3/2 + 2*g**2. List the prime factors of l(i).
13
Let a be 10*(28/(-5) + 2). Let f be 10/3*a/(-30). Suppose 0*c - c + f = 0. What are the prime factors of c?
2
Let k(p) = -27*p**3 + p**2 + 2*p + 1. Suppose 0*i - i = 1. List the prime factors of k(i).
3
Let y = -1 - 1. Let l = y - -2. Suppose 3*o - 24 = -l*o. What are the prime factors of o?
2
Suppose 492 = 6*p + 156. List the prime factors of p.
2, 7
Let l be 2 + 1 + -3 + 3. Suppose l*n = n + 32. List the prime factors of n.
2
Let b = -16 + 16. Suppose 0*z + 6 = 2*z. Suppose -z*n - n + 52 = b. List the prime factors of n.
13
Let t = 1 + -1. Suppose -4*m + 2*q + 24 = 6*q, -q - 6 = -5*m. Suppose t = -m*k - 1 + 13. List the prime factors of k.
2, 3
Suppose -3*d = 2*d - 230. Let p = -20 + d. List the prime factors of p.
2, 13
Let c(l) = l**3 + 2*l**2 - 4*l + 1. Let f = 8 + -11. List the prime factors of c(f).
2
List the prime factors of (-1452)/(-48) + 1/(-4).
2, 3, 5
Suppose -4*n - 4 = -d + 11, -4*d - 4*n + 20 = 0. Suppose -2*o - 75 = -d*o. Suppose 2*c + 3 = o. List the prime factors of c.
2, 3
Let o be 16/(-6)*-3 + 1. Let l = o + 15. List the prime factors of ((-6)/(-4))/(18/l).
2
Suppose -244 = -4*n + 36. What are the prime factors of n?
2, 5, 7
Suppose 2*y - 94 = -4*l, -4*y + l + 108 + 53 = 0. Let w = 60 - y. What are the prime factors of w?
19
Suppose 4 = -5*s - 1. Let g be (1/s*5)/1. List the prime factors of -21*(g/3 + 1).
2, 7
Suppose 0 = 4*w + 2*k - 134, -5*w + 111 = -2*w + 5*k. List the prime factors of w.
2
Let m(q) = -q**3 + 14*q**2 - 8*q - 32. What are the prime factors of m(13)?
3, 11
Let s = -42 + 25. Let i(x) = x**2 - x + 29. Let k be i(0). Let v = k + s. What are the prime factors of v?
2, 3
Suppose -5*o + 140 = v, 2*v + 33 + 79 = 4*o. Suppose -5*z + 75 = r, -8*r + 4*r = 3*z - o. List the prime factors of z.
2
Let r(s) = s**2 - 7*s - 2. Let w be r(8). Suppose -u - 20 = -w*u. What are the prime factors of u?
2
Suppose 4*k + 0*i = 4*i + 208, 2*k = 3*i + 108. What are the prime factors of k?
2, 3
Let a = 1 - -1. Suppose 2*i + 4*d - 5*d = 7, -a*i = 3*d - 3. Suppose -5*r - 3*s + 20 = 0, -r - 5 = 3*s + i. What are the prime factors of r?
7
Let k(m) = -m**3 - 5*m**2 + 13*m - 2. Let d be k(-7). Suppose -107 - 68 = -d*x. What are the prime factors of x?
5, 7
Let l(m) = -m**3 - 9*m**2 + 11*m - 3. Let w be l(-10). What are the prime factors of -2 - 1 - (1 + w)?
3
Let n(l) = 9*l**3 + l. Suppose -2*v + 5*v - 3 = 0. What are the prime factors of n(v)?
2, 5
Suppose 0 = g - 4*h - 29, h - 37 = -5*g + 3. What are the prime factors of g?
3
Suppose m + 13 = 3*l, 8 + 1 = 2*m + l. What are the prime factors of m?
2
Let u be 1 + 3 + -1 - 0. Suppose -8*w + u*w = -60. List the prime factors of w.
2, 3
Suppose -i = 16 - 124. List the prime factors of i.
2, 3
Suppose 0 = -2*d - 2*d + f + 91, -111 = -4*d - 3*f. Suppose -2*w + d = p, 0*w + 2*p - 9 = -w. What are the prime factors of w?
13
Let j(o) be the first derivative of o**4/4 + o**3/3 + 2*o + 5. Let g be j(0). Suppose 34 = g*m - 12. List the prime factors of m.
23
Let q = -6 + 10. Let b(f) = -f**3 + 4*f**2 + 3*f - 4. List the prime factors of b(q).
2
Suppose -2*t = 3*j - 14, -t - 4*t + 21 = 4*j. Let p be (-70)/(-4)*(-28)/(-35). Suppose -j*z + u = -p, -5*u + 3 - 5 = -3*z. List the prime factors of z.
2
Let m(i) be the second derivative of 11*i**8/6720 - i**6/720 + i**4/12 - i. Let b(q) be the third derivative of m(q). What are the prime factors of b(1)?
2, 5
Suppose 5*f = 4*a + 3 - 79, -2*a - 3*f = -60. Let t = 34 - a. List the prime factors of t.
2, 5
Let b = -3 - -11. Let a(i) = 3*i**2 + i. Let x be a(-1). Suppose 2*z + 3 = 2*f + 17, -4*f - b = -x*z. What are the prime factors of z?
2, 5
Let k(j) = 4*j**3 + 0*j**3 - 8*j + 0*j**3 + 7*j**2 + 11 - 3*j**3. Suppose 3*p + 8 = -1, 0 = -q + p - 5. List the prime factors of k(q).
11
Let x(w) = -w**3 - 7*w**2 + w + 9. Let u be x